3*u**3 - 2*u**2 + 17*u - 18. Let r(x) = -2*s(x) - 19*w(x). Determine r(-8).
6
Let j = -1321 + 1316. Let r(n) = n - 1. Let q(t) = 2*t - 2. Let p(i) = -6*q(i) + 13*r(i). Calculate p(j).
-6
Suppose 5*c + 17 + 11 = -x, -28 = 4*x - c. Let a(g) be the third derivative of -g**5/60 - g**4/4 - g**3/6 + 121*g**2. Calculate a(x).
-17
Let c(b) = -35*b + 3. Let i be ((-3)/(-9))/(52/(-12) + 4). What is c(i)?
38
Let x(z) be the third derivative of z**5/20 - z**4/2 - 8*z**3/3 + 85*z**2 - 2*z - 1. Calculate x(7).
47
Let t(a) = 28*a + 48. Let r(i) = 250*i + 430. Let v(b) = 9*r(b) - 80*t(b). Give v(-7).
-40
Let i(l) = l**3 + 3*l**2 - 5*l + 2. Let r be i(4). Let z(q) = 3 + 1 - 91*q + r*q. Suppose 0 = 9*s - 6*s - 18. Give z(s).
22
Let m(g) be the third derivative of -g**6/30 + g**5/20 - g**4/24 + g**3/3 + 7*g**2. Let w be (1 + 2)*19/((-1026)/(-36)). What is m(w)?
-20
Suppose 64*n = 143 + 49. Let o(r) = r**2 - r - 6. Determine o(n).
0
Let o(y) be the third derivative of -y**6/120 - y**4/24 - 7*y**3/6 - 4*y**2. Let s = 0 - -7. Suppose 3*z = s*z. What is o(z)?
-7
Let t be (1 - 0) + 14/(-2). Let w(p) = -722*p + 174. Let f(g) = 81*g - 20. Let q(c) = -9*f(c) - w(c). Give q(t).
48
Suppose -3 = -2*o + 3*s, -3*o - s = 2*s + 3. Let y be (2 - (-31 + o))/3. Let h(n) = n - 8. Give h(y).
3
Let n = -25 + 68. Let q(u) = -85 - 2*u + 4*u**2 - u**3 + 39 + n. Determine q(4).
-11
Let c(a) = 3*a**2 + 9. Let m be c(0). Suppose -m = s + 2*p, 2*p + 0*p + 7 = s. Let b(z) = -54 + 54 + 3*z. Determine b(s).
-3
Let h(m) = -m**3 - m**2 + 2*m + 2. Let y be h(-2). Let v(k) = k + 7 - 17*k + 12*k. What is v(y)?
-1
Let n(j) be the second derivative of -j**5/10 + j**4/4 - j**3/2 + 7*j**2/2 - 7110*j. What is n(2)?
-3
Let h(r) = -3*r - 10. Let j be h(-5). Suppose -20*t + 22*t + j = -s, 2*t + 2*s = 0. Let b(p) = -p + 2*p + 0*p - 6 - 2*p. What is b(t)?
-1
Let a(x) be the second derivative of 31*x + 17/2*x**2 + 0 - 1/6*x**4 - 25/6*x**3. Determine a(-13).
4
Let y(k) = 67 - 29*k**2 - 13*k - 24*k**2 + 52*k**2. Calculate y(4).
-1
Let o(k) = k**3 + 7*k**2 - 2*k - 9. Suppose -11*f + 2*i - 748 = -13*f, i = 1. Let g = 366 - f. Determine o(g).
5
Let y(n) be the first derivative of n**3/3 + 7*n**2/2 - 2*n - 395. What is y(-4)?
-14
Let x(z) = -45*z**2 + 10*z - 9. Suppose -123 = 323*k - 446. Calculate x(k).
-44
Let v = -681 - -675. Let l(i) = -i**2 - i - 2. Let b(c) = -2*c**2 - 5*c - 2. Let o(y) = v*l(y) + 2*b(y). Give o(2).
8
Let p = 4 + -7. Let h(d) = 3*d**2 - 278*d + 1. Let y(u) = u**2 - 69*u + 1. Let v(i) = h(i) - 4*y(i). Calculate v(p).
-6
Let q be (25 - 25)/(-24)*(-2)/(-10). Let h(u) be the second derivative of 2/3*u**3 - 20*u + 0 + q*u**2. Calculate h(3).
12
Let b(m) = -5*m**3 + m**2 + m + 2. Let j(s) = 6*s**3 - 52. Let u(a) = b(a) + j(a). Calculate u(0).
-50
Let b(v) = 3*v - 6. Let t be ((-120)/(-90))/(1/48). Let s be (2/(-12)*3)/((-8)/t). Give b(s).
6
Suppose 0 = -2*p - 28 + 34. Suppose k - 5 = 3*d, -2*d - p = d. Let y(c) = k*c + c + 4 - 4*c + 4*c. Determine y(-3).
-5
Let c(g) = -g**2 - 3*g + 56. Let s be c(-9). Let o(n) = -18*n + 12*n + 9*n + s. Calculate o(-2).
-4
Let h(r) = 9*r**2 - 8*r - 11. Let x(c) = -7*c**2 + 8*c + 9. Let b(v) = 3*h(v) + 4*x(v). Calculate b(8).
3
Let j(k) = -k**2 - 14*k + 90. Suppose 0 = 7*y - 44*y - 703. What is j(y)?
-5
Let z(j) = 4*j**2 - 14*j - 1. Let g be (-8)/(-7)*5600/1600. What is z(g)?
7
Let n be 36/54*(-2)/(4/(-3)). Suppose 4*d + w = 2, -4*d - 8*w = -4*w + 4. Let q(y) = 0 - d + 2*y + 0*y - 8*y**2 - 5*y**2. Give q(n).
-12
Let p = 2474 + -2463. Let i(t) = 15*t - 128. Calculate i(p).
37
Let r(u) = -1661*u - 178*u**2 + 180*u**2 + 1710*u - 40. What is r(-25)?
-15
Let m = -3 - -3. Suppose 6*q + 9 = o + 2*q, -3*o + q - 17 = m. Let y(f) be the first derivative of -f**3/3 - 5*f**2/2 + 4*f - 21367. Determine y(o).
-10
Let c(b) = 4*b + 159*b**2 - 325*b**2 + 167*b**2 - 4 - 1. Suppose -2*t = 3*k + 6, 46*k + 3*t - 17 = 48*k. What is c(k)?
-5
Suppose 4*q = -2*z - 28, 0 = -3*q - 3*z - 0 - 21. Let y(n) = -n**3 - 6*n**2 + 10*n + 28. Let a be y(q). Let o(j) = j**2 - 8*j. Determine o(a).
-7
Let s(c) = 68*c**2 - 268*c - 9. Let m be s(4). Let o(x) = x. Let z(v) = 3*v - 9. Let j(r) = o(r) - z(r). Calculate j(m).
-5
Suppose 7*h - 37 = -2. Let n be ((-10)/4)/((-5)/4). Let i(k) = 21*k**2 - 7*k + h*k + 1 - 6*k**n - 12*k**2. What is i(1)?
2
Let q be (-9)/21 - (-93)/21. Let f be 1/2*(-21 + 15). Let y(z) = 4*z**2 - 9*z - 1. Let t(a) = 3*a**2 - 8*a. Let c(l) = f*t(l) + 2*y(l). What is c(q)?
6
Let f be (0/5)/7 + 3. Let v(x) = -4*x**2 + 5*x**2 + f*x**2 - x**2 - 4*x**3 - 4*x + 28 - 26. Give v(2).
-26
Let h(f) = 5*f + 6. Let p = -109 - -120. Suppose -6*d + p*d = -25. Determine h(d).
-19
Let s(m) = 115*m - 481. Let x be s(4). Let g(v) = v + 38. What is g(x)?
17
Suppose -16 = -s - 3*l - 10, l - 21 = 6*s. Let r(x) = 20*x + 3. What is r(s)?
-57
Let y = 2678 + -2686. Let b(m) = 35*m + 270. Determine b(y).
-10
Let o(k) = 3*k**3 - 7*k**2 - 18*k - 16. Let n(m) = -2*m**3 + 8*m**2 + 14*m + 17. Let w(f) = 4*n(f) + 3*o(f). Determine w(-11).
-2
Let o = -117/17 + 368/51. Let k(p) be the first derivative of 1/2*p**2 + 2*p + 13 - o*p**3. Determine k(-4).
-18
Let d(j) be the first derivative of -j**4/4 - j**3/3 + 2*j + 3727. Let t be (0*(0 + 1))/(-2). What is d(t)?
2
Let a(n) be the first derivative of 0*n + 1/4*n**4 - 104 - 3/2*n**2 + 1/3*n**3. What is a(-3)?
-9
Let q(y) be the second derivative of -5 + y - y**2 + 2/3*y**3 + 1/12*y**4. What is q(-3)?
-5
Let z(p) be the first derivative of -4*p**2 + 80 - 1/3*p**3 - 9*p. Calculate z(-6).
3
Let u(g) = g**3 + 8*g**2 - 7*g + 10. Let n(b) = b**2 + 28*b - 38. Let o = 87 - 116. Let i be n(o). Give u(i).
-8
Let f(r) = -r**3 + 8*r**2 - 3*r - 3. Suppose 5*d + 4*h = 1 + 9, 0 = d + 2*h + 4. Suppose -2*p - 14 = -3*w, 3*w - 19 = -d*p + 7*p. Calculate f(w).
-27
Let o(r) = -6*r + 13. Let n be 3 + (0 - (-7 - -16)). Let q(b) = -7*b + 15. Let a(s) = n*o(s) + 5*q(s). Calculate a(-3).
-6
Suppose 0 = 4*k - 5*o, k - 60*o + 25 = -65*o. Let h(t) = -t - 16. Calculate h(k).
-11
Suppose -5*q = 2*i - 35, 2*q + 5*i - 2*i = 25. Suppose -4*z - 24 = -5*s, 3*z = q*s - 24 + 1. Let r(c) = -9*c. Determine r(z).
9
Let i(z) = z - 72. Let j be i(0). Let u = 3000 + -2997. Let o be j/27*u/2. Let k(w) = w**2 + 4*w - 1. Give k(o).
-1
Let v = 90 + -84. Let p(n) = -v - n**2 + 6*n - n - 8*n. Give p(-4).
-10
Let a(i) = -3*i - 13. Let j be a(-9). Let h(o) = j*o - 3*o - 2*o**2 - 117 + 110 + o**2 + 0*o**2. Determine h(11).
-7
Let p(v) be the second derivative of 2*v**5/5 - v**4/12 - v**3/6 + v**2/2 + 221*v. What is p(1)?
7
Let y(t) be the second derivative of -t**6/360 - 25*t**4/6 - 2*t + 5. Let u(q) be the third derivative of y(q). Determine u(-3).
6
Let o = 5 + -8. Let y(t) = 5*t**2 - t + 457. Let j(a) = -7*a**2 - 461. Let p(i) = -2*j(i) - 3*y(i). Let s(q) be the first derivative of p(q). Calculate s(o).
9
Let g(p) be the first derivative of 8*p**2 - p - 1786. Calculate g(1).
15
Let x = -2 + -1. Let b(l) be the third derivative of -1/2*l**3 - 29*l**2 + 0*l - 1/6*l**4 + 0. Determine b(x).
9
Let b(h) = 0*h + 32*h - 37*h + h**3. Determine b(-3).
-12
Let z = 3555 - 3537. Let a(w) = w**2 - 14*w - 72. What is a(z)?
0
Let i = -129 + 103. Let p = -25 - i. Let f(a) = -6*a**2 + a + 1. Let u be f(p). Let z(b) = b**3 + 3*b**2 - 3*b - 3. Determine z(u).
-7
Let i(u) = -55*u + 83. Let j(y) = -24*y + 37. Let v(t) = -3*i(t) + 7*j(t). Let o be 3/3 - 3*-1. What is v(o)?
-2
Let r(k) = -2*k**2 - 54*k - 55. Let m(o) = 14*o - 110. Let j be m(6). Calculate r(j).
-3
Let q(v) = 3*v + 9. Let i(h) = 7*h + 18. Let g(y) = 2*i(y) - 5*q(y). Let x(d) = -d**2 - 3*d + 25. Let m be x(5). Let w be (64/40)/(-2 + (-27)/m). Give g(w).
-1
Let u(f) be the third derivative of -f**4/8 + 5*f**3/6 + 290*f**2. Let r = 10 - 4. Calculate u(r).
-13
Let w(x) = x**2 + 4*x - 5. Let n be w(-6). Let i(u) be the second derivative of 19*u + 3/2*u**3 + 2 - 1/2*u**2 - 1/12*u**4. Calculate i(n).
13
Let i(g) = g**2 + 4*g - 6. Let w(m) = 3*m**3 + 20*m**2 + 12*m - 6. Let h be w(-6). Give i(h).
6
Let v(l) = -79*l**2 - 6*l + 131. Let k(h) = 99*h**2 + 8*h - 129. Let c(s) = -4*k(s) - 5*v(s). What is c(0)?
-139
Let l(a) = -14 + 10902*a + 10909*a - 21810*a. Determine l(-7).
-21
Let d = -452 + 444. Let o be 0 - (-5 - d - 11). Let c(q) = q - 13. Give c(o).
-5
Let o(h) be the second deriva